
7
Suppose b = -1, 6*y - 3*y = -5*b + 4. Let w(n) = n**2 + n**2 + 5*n**2 - n**2. Let c be w(2). Calculate the greatest common divisor of y and c.
3
Let k be 3/((-4)/(-2260)*15). What is the greatest common divisor of 6667 and k?
113
Let m(z) = -3*z**3 - 7*z**2 - 9*z - 128. Let i be m(-7). Calculate the highest common factor of i and 27.
27
Let b(u) = -15*u**3 - 2*u**2 + u - 4. Let t be b(2). Let v = 134 + t. What is the greatest common divisor of 3 and v?
1
Let l(j) = 16*j**2 - 31*j - 587. Let v be l(-12). What is the highest common divisor of v and 2?
1
Let r(p) = 151*p**3 - p**2 - 3*p - 2. Let u be r(-1). Let b = -150 - u. Calculate the greatest common factor of 2 and b.
1
Let x be (-12030)/(-45) - (-32)/(-24). Calculate the highest common factor of 342 and x.
38
Suppose 0 = 44*x - 43*x, -5*f + 290 = -3*x + x. What is the greatest common divisor of f and 899?
29
Suppose 0 = 6*a + 235*a - 12*a - 80608. Calculate the highest common factor of 4268 and a.
44
Suppose -12 = -2*m, -4*p = -5*m - 16295 - 20879. What is the greatest common divisor of 262 and p?
131
Let q(v) = 59*v**2 - 346*v + 11. Let f be q(6). Let o = -117 + 530. What is the highest common factor of o and f?
59
Let w(o) = -347*o - 1970. Let i be w(-6). Calculate the greatest common divisor of i and 1904.
112
Suppose 11*v - 6*v - 3*d - 316 = 0, -189 = -3*v + 2*d. Suppose 1950 = v*g - 59*g. Calculate the highest common factor of g and 25.
25
Let s be (-82)/(-5) - (-616)/(-1540). Suppose 3*q - 812 = -q - 5*v, -3*v = -q + 220. Calculate the highest common divisor of q and s.
16
Let a be (-1344)/15 - 6/15. Let g = a + 92. Suppose g*z - 17 = z. What is the highest common divisor of 119 and z?
17
Suppose -o = 5*r - 5544, -5*r - 5*o = -4017 - 1503. Calculate the greatest common factor of r and 30.
30
Let y be (2 - (-20)/(-12))*-3*-313. Suppose y = 10*b - 277. What is the greatest common divisor of b and 59?
59
Let t be 120/75 - (-183140)/100. What is the highest common factor of t and 6?
3
Let t = 27168 + -27087. Let a = 876 + -552. What is the greatest common divisor of a and t?
81
Let n = 2347 - 2197. Calculate the highest common divisor of n and 1425.
75
Let f(l) = 9*l**3 - l**2 + l + 2. Let u be f(2). Let k = u + -39. Let m = 17 + 16. What is the highest common divisor of k and m?
33
Suppose 4*x - 103 = -67. Suppose -x*y = -5*y - 20. Let q be -4 + -1 + 195/y. Calculate the greatest common divisor of 119 and q.
17
Suppose 74*b = 5442 + 4622. What is the greatest common factor of 1972 and b?
68
Let i(r) be the second derivative of r**4/6 - 19*r**3/6 + 9*r**2 + 11*r. Let u be i(10). Suppose -o + 7 - 3 = 0. Calculate the highest common factor of o and u.
4
Let h(a) = -a**3 + 7*a**2 - 4*a + 5. Let s be h(6). Let b be ((-34)/(-2) + -4)/((-15)/(-255)). What is the greatest common factor of b and s?
17
Let r be (-211 - -208)/((-4)/((-43968)/(-9))). What is the greatest common factor of 8 and r?
8
Let y(a) = a**2 + 5*a + 24. Let v be y(-8). Suppose -v*b + 24 = -44*b. Suppose -3*c + 14 = f, 3*c - 3*f + 6 = b*c. What is the highest common factor of c and 4?
2
Let a(v) = -172*v + 226. Let n be a(1). Calculate the greatest common divisor of n and 12204.
54
Let g = 393 - 239. Let j(m) = -m**3 - 7*m**2 + 2. Let c be j(-7). Let p be 0 + 2 - c - -22. What is the greatest common divisor of g and p?
22
Suppose 1 = -3*g - 4*a + 63, 2*g - 13 = 3*a. Suppose g = 23*q - 22*q. Calculate the highest common factor of 28 and q.
14
Let g = -256 - -259. Let x = 102 + g. What is the greatest common factor of x and 60?
15
Suppose 2*y + n - 160 = -3*y, 3*n - 117 = -4*y. Let a = 49 + -41. Let g be 889/3 + (-7)/((-84)/a). What is the highest common divisor of y and g?
33
Let x = 152 - 92. Let z = -168 + 228. Let r be ((-2)/5 + 0)/((-1)/z). What is the highest common divisor of x and r?
12
Suppose 2*n - 12 = -3*v, -1233*n + 1232*n = 2*v - 6. Let j = 23 - 7. What is the highest common factor of n and j?
2
Let t be (-10)/(-15)*(0 - -36). Let r(h) = -3*h + 26 + 0*h - t. Let l be r(-2). Calculate the greatest common factor of l and 1.
1
Let y = 39 - 75. Let w be (-8)/y + (-28)/(-36). Let g be 18/(-9)*(-1)/w. Calculate the greatest common factor of g and 4.
2
Let o(z) = 674*z - 4716. Let i be o(7). Let v be 14/3 - (-2)/6. Suppose x - v*x + 32 = i*l, -3*x + 31 = 5*l. What is the greatest common divisor of 49 and x?
7
Let m be (-1)/(-1)*(-5 + (636 - -10)). Let i = m - 481. What is the greatest common factor of i and 80?
80
Let v(w) = w + 10. Let d be v(-5). Suppose -4*n - 92 = -2*l - l, n = -d. What is the highest common divisor of 30 and l?
6
Suppose 66*v - 329 - 903 - 748 = 0. What is the greatest common divisor of 13995 and v?
15
Let n(p) = 86*p + 37. Let u = -87 + 89. Let y be n(u). What is the greatest common divisor of 33 and y?
11
Let c(y) = y**2 - 9*y + 17. Let i = -41 + 48. Let s be c(i). Suppose -s*l - 10 = -1, 2*l = o - 24. What is the greatest common divisor of 198 and o?
18
Suppose 99*r - 30*r - 128 = 148. Suppose -2*l = 3*l - c - 341, -4*l + 5*c = -277. Calculate the greatest common factor of r and l.
4
Suppose 3*g - 3*t = 5*g + 20, -3*g - 2*t - 35 = 0. Let n(l) = -2*l + 169. Let i be n(g). Calculate the highest common factor of i and 15.
15
Suppose 0 = 2*j + 2*j - 4*o + 68, 2*j + o = -34. Let z = -10 - j. Suppose 283 = z*k - 53. What is the greatest common factor of k and 6?
6
Let k = -123 - -143. Suppose -26*u + k = -22*u. Calculate the greatest common factor of u and 125.
5
Let x(v) = v**2 + v. Let k(d) = 3*d**2 + 14*d - 24. Let z(p) = -k(p) + 5*x(p). Let b be z(0). Calculate the greatest common factor of b and 3.
3
Let z be 1/((-270)/(-15)) - 17890/(-36). Calculate the highest common factor of 7029 and z.
71
Let z(l) = 82*l + 8048. Let c be z(0). Calculate the highest common divisor of 16 and c.
16
Suppose -4*b + m - 19 = -0*b, 2*b = -5*m + 7. Let z = 145 - 149. Let h be (-38 - b - z)/(-2). Calculate the greatest common factor of h and 3.
3
Let j(t) = 2*t**3 + 6*t**2 + 22*t - 96. Let z be j(12). What is the highest common divisor of z and 51?
51
Let a = 3 + 0. Suppose -2*z = -a*y + 1158, -4*z + 1524 = 4*y - 0*y. Suppose 0 = -34*j + 42*j - 384. Calculate the greatest common factor of j and y.
48
Suppose 2*k + 23 = 33. Suppose -3*s = 3*c - 39, k*c + 20 = 5*s + c. What is the greatest common divisor of s and 56?
8
Suppose -4*k = -9*k + 34 + 16. Calculate the greatest common factor of 1270 and k.
10
Suppose 4*y + 141 = 5*l, 19 = 2*l - 4*y - 47. Suppose 0 = -27*q + l*q + 6. What is the highest common divisor of 57 and q?
3
Suppose 297*c = -3*s + 295*c + 27, 0 = -2*s + 4*c + 18. Suppose q + 4 = -5*d, 2*q + 0 = -5*d + 17. Calculate the highest common factor of s and q.
3
Let h = -13 + 4. Suppose 170*p = 37*p + 1197. Let i = p - h. What is the greatest common factor of 144 and i?
18
Let k = 14 + 91. Let d(s) = s**2 - 13*s - 30. Let m be d(18). What is the greatest common factor of m and k?
15
Let c be 3486/5 + 448/168 + 4/30. Calculate the highest common divisor of c and 595.
35
Suppose -2*z = -m - 126, 995*m - 264 = -4*z + 999*m. Suppose 5*a + 14 = 89. Calculate the highest common factor of z and a.
15
Let a be 1 + (1 - 0) - (-9 - -6). Suppose a*w = -5*l + 1520, 0*w + 2*w + l - 612 = 0. What is the greatest common divisor of 88 and w?
44
Let d be 2/((-2)/(-69)*1). Let v(t) = -t**2 - 16*t - 5. Suppose -14 = 5*n - 4*n. Let r be v(n). What is the greatest common factor of d and r?
23
Suppose 590 - 18 = k. Let x(n) = 2*n**3 - 21*n**2 - 6*n - 11. Let w be x(11). What is the highest common factor of k and w?
44
Suppose 37 = s + 10. Suppose 3*k = -3*y, 14 = -4*y - 5*k + 11. Calculate the highest common factor of y and s.
3
Suppose -5*g + 2 = 3*v - 1336, -2*v = -3*g - 930. What is the highest common factor of v and 570?
114
Let h(k) = -17*k. Let j be h(-3). Suppose 4170*w - 4158*w = 660. Let x = w - j. What is the highest common factor of x and 4?
4
Let i = -475 - -472. Let z be -44*i/(-12)*24/(-12). Calculate the greatest common divisor of z and 10.
2
Let z(u) = -u**3 - 2*u**2 + 2*u + 2. Let i be z(-2). Suppose -56*a = -54*a + 8. Let s be (i/(-5))/(a/(-180)). What is the greatest common factor of s and 162?
18
Let c(d) = 31*d**3 - 5*d**2 + 42*d + 32. Let t be c(6). What is the greatest common divisor of t and 204?
68
Le